{"id":253,"date":"2019-09-24T11:12:43","date_gmt":"2019-09-24T14:12:43","guid":{"rendered":"http:\/\/www.ultralarnet.com.br\/\/?post_type=product&#038;p=253"},"modified":"2020-03-12T14:30:57","modified_gmt":"2020-03-12T17:30:57","slug":"storage","status":"publish","type":"product","link":"https:\/\/ultralarnet.com.br\/?product=storage","title":{"rendered":"Storage"},"content":{"rendered":"<h2>DAS (Direct Attached Storage)<\/h2>\n<div>O DAS \u00e9 um dispositivo externo que vai conectado diretamente aos computadores, sejam eles servidores ou esta\u00e7\u00f5es de trabalho, e funciona basicamente como um disco complementar de armazenamento, ou seja, uma extens\u00e3o.<\/div>\n<div>Entre as suas caracter\u00edsticas, destaca-se o fato de que este aparelho oferece grande versatilidade para armazenamento de grandes volumes, aumentando a performance de algumas aplica\u00e7\u00f5es e podendo realizar backup e compartilhamento de dados entre os computadores conectados. Um storage DAS pode ser ligado via USB, e-SATA ou Firewire.<\/div>\n<div><\/div>\n<div>\n<h2>NAS (Network Attached Storage)<\/h2>\n<div>O NAS, ao contr\u00e1rio do DAS, \u00e9 ligado diretamente na rede e roda um sistema operacional completo, funcionando como servidor de arquivos. Ele centraliza os dados e permite, por exemplo, compartilhar e gerenciar as informa\u00e7\u00f5es armazenadas.<\/div>\n<div>Outra diferen\u00e7a em rela\u00e7\u00e3o ao DAS \u00e9 que o servidor NAS pode ser compartilhado por mais de um usu\u00e1rio e, al\u00e9m disso, realiza armazenamento de dados via bloco, e n\u00e3o via arquivo, como no DAS. Consequentemente, isso permite um gerenciamento mais eficaz, vers\u00e1til e simplificado.<\/div>\n<\/div>\n<div><\/div>\n<div>\n<h2>SAN (Storage Area Network)<\/h2>\n<div>Um SAN \u00e9 uma rede dedicada de armazenamento composta por servidores e storages. Assim com o modelo NAS, o SAN tamb\u00e9m \u00e9 conectado diretamente e trabalha com blocos de dados. Al\u00e9m de oferecer maior disponibilidade e resili\u00eancia, a implementa\u00e7\u00e3o de uma rede SAN resulta em diversos benef\u00edcios, como o aumento do desempenho, da velocidade e da seguran\u00e7a no acesso aos dados armazenados.<\/div>\n<div>\n<p>Uma caracter\u00edstica fundamental deste sistema \u00e9 que ele facilita o compartilhamento entre os servidores e simplifica as opera\u00e7\u00f5es de TI, pois consolida o storage em um local central &#8211; o que tamb\u00e9m ajuda a consolidar esta rede como uma melhores solu\u00e7\u00f5es de armazenamento.<\/p>\n<\/div>\n<div>Aqui na Cinco TI, voc\u00ea encontra modelos diversificados de storage, com capacidade de armazenamento entre 600 GB e 24 TB e com variados n\u00fameros de discos. Tudo com a qualidade e desempenho que voc\u00ea precisa para ampliar a infraestrutura da sua empresa!<\/div>\n<\/div>\n","protected":false},"excerpt":{"rendered":"<p>Divididos em tr\u00eas grandes grupos, os storages s\u00e3o classificados como\u00a0<a title=\"DAS, NAS e SAN\" href=\"https:\/\/www.controle.net\/faq\/sistemas-para-armazenamento-de-dados-das-nas-san\">DAS, NAS e SAN<\/a>. Diferenciados pela forma de conex\u00e3o com seu computador host ou servidor, as unidades de armazenamento possuem diferentes finalidades e recursos.<br \/>\nVeja a diferen\u00e7a dos tipos de Storages no Blog do nosso site principal e descubra o ideal pra voc\u00ea!<\/p>\n","protected":false},"featured_media":260,"template":"","meta":{"_monsterinsights_skip_tracking":false,"_monsterinsights_sitenote_active":false,"_monsterinsights_sitenote_note":"","_monsterinsights_sitenote_category":0,"ocean_post_layout":"","ocean_both_sidebars_style":"","ocean_both_sidebars_content_width":0,"ocean_both_sidebars_sidebars_width":0,"ocean_sidebar":"0","ocean_second_sidebar":"0","ocean_disable_margins":"enable","ocean_add_body_class":"","ocean_shortcode_before_top_bar":"","ocean_shortcode_after_top_bar":"","ocean_shortcode_before_header":"","ocean_shortcode_after_header":"","ocean_has_shortcode":"","ocean_shortcode_after_title":"","ocean_shortcode_before_footer_widgets":"","ocean_shortcode_after_footer_widgets":"","ocean_shortcode_before_footer_bottom":"","ocean_shortcode_after_footer_bottom":"","ocean_display_top_bar":"default","ocean_display_header":"default","ocean_header_style":"","ocean_center_header_left_menu":"0","ocean_custom_header_template":"0","ocean_custom_logo":0,"ocean_custom_retina_logo":0,"ocean_custom_logo_max_width":0,"ocean_custom_logo_tablet_max_width":0,"ocean_custom_logo_mobile_max_width":0,"ocean_custom_logo_max_height":0,"ocean_custom_logo_tablet_max_height":0,"ocean_custom_logo_mobile_max_height":0,"ocean_header_custom_menu":"0","ocean_menu_typo_font_family":"0","ocean_menu_typo_font_subset":"","ocean_menu_typo_font_size":0,"ocean_menu_typo_font_size_tablet":0,"ocean_menu_typo_font_size_mobile":0,"ocean_menu_typo_font_size_unit":"px","ocean_menu_typo_font_weight":"","ocean_menu_typo_font_weight_tablet":"","ocean_menu_typo_font_weight_mobile":"","ocean_menu_typo_transform":"","ocean_menu_typo_transform_tablet":"","ocean_menu_typo_transform_mobile":"","ocean_menu_typo_line_height":0,"ocean_menu_typo_line_height_tablet":0,"ocean_menu_typo_line_height_mobile":0,"ocean_menu_typo_line_height_unit":"","ocean_menu_typo_spacing":0,"ocean_menu_typo_spacing_tablet":0,"ocean_menu_typo_spacing_mobile":0,"ocean_menu_typo_spacing_unit":"","ocean_menu_link_color":"","ocean_menu_link_color_hover":"","ocean_menu_link_color_active":"","ocean_menu_link_background":"","ocean_menu_link_hover_background":"","ocean_menu_link_active_background":"","ocean_menu_social_links_bg":"","ocean_menu_social_hover_links_bg":"","ocean_menu_social_links_color":"","ocean_menu_social_hover_links_color":"","ocean_disable_title":"on","ocean_disable_heading":"default","ocean_post_title":"","ocean_post_subheading":"","ocean_post_title_style":"","ocean_post_title_background_color":"","ocean_post_title_background":0,"ocean_post_title_bg_image_position":"","ocean_post_title_bg_image_attachment":"","ocean_post_title_bg_image_repeat":"","ocean_post_title_bg_image_size":"","ocean_post_title_height":0,"ocean_post_title_bg_overlay":0.5,"ocean_post_title_bg_overlay_color":"","ocean_disable_breadcrumbs":"default","ocean_breadcrumbs_color":"","ocean_breadcrumbs_separator_color":"","ocean_breadcrumbs_links_color":"","ocean_breadcrumbs_links_hover_color":"","ocean_display_footer_widgets":"default","ocean_display_footer_bottom":"default","ocean_custom_footer_template":"0"},"product_brand":[],"product_cat":[64,65,33],"product_tag":[35,34],"class_list":{"0":"post-253","1":"product","2":"type-product","3":"status-publish","4":"has-post-thumbnail","6":"product_cat-das","7":"product_cat-nas","8":"product_cat-storage","9":"product_tag-armazenamento","10":"product_tag-storage","12":"entry","13":"has-media","15":"first","16":"instock","17":"shipping-taxable","18":"purchasable","19":"product-type-variable","20":"has-product-nav","21":"col","22":"span_1_of_3","23":"owp-content-center","24":"owp-thumbs-layout-horizontal","25":"owp-btn-normal","26":"owp-tabs-layout-horizontal","27":"has-no-thumbnails"},"_links":{"self":[{"href":"https:\/\/ultralarnet.com.br\/index.php?rest_route=\/wp\/v2\/product\/253","targetHints":{"allow":["GET"]}}],"collection":[{"href":"https:\/\/ultralarnet.com.br\/index.php?rest_route=\/wp\/v2\/product"}],"about":[{"href":"https:\/\/ultralarnet.com.br\/index.php?rest_route=\/wp\/v2\/types\/product"}],"wp:featuredmedia":[{"embeddable":true,"href":"https:\/\/ultralarnet.com.br\/index.php?rest_route=\/wp\/v2\/media\/260"}],"wp:attachment":[{"href":"https:\/\/ultralarnet.com.br\/index.php?rest_route=%2Fwp%2Fv2%2Fmedia&parent=253"}],"wp:term":[{"taxonomy":"product_brand","embeddable":true,"href":"https:\/\/ultralarnet.com.br\/index.php?rest_route=%2Fwp%2Fv2%2Fproduct_brand&post=253"},{"taxonomy":"product_cat","embeddable":true,"href":"https:\/\/ultralarnet.com.br\/index.php?rest_route=%2Fwp%2Fv2%2Fproduct_cat&post=253"},{"taxonomy":"product_tag","embeddable":true,"href":"https:\/\/ultralarnet.com.br\/index.php?rest_route=%2Fwp%2Fv2%2Fproduct_tag&post=253"}],"curies":[{"name":"wp","href":"https:\/\/api.w.org\/{rel}","templated":true}]}}